{"id":39,"date":"2023-08-08T09:51:48","date_gmt":"2023-08-08T09:51:48","guid":{"rendered":"https:\/\/demo.winyan.de\/?page_id=39"},"modified":"2025-03-11T10:18:29","modified_gmt":"2025-03-11T10:18:29","slug":"impressum-datenschutz","status":"publish","type":"page","link":"https:\/\/winyan.de\/index.php\/impressum-datenschutz\/","title":{"rendered":"Impressum \/ Datenschutz"},"content":{"rendered":"\n<h2 class=\"wp-block-heading\">Impressum<\/h2>\n\n\n\n<h3 class=\"wp-block-heading\">Verantwortlich f\u00fcr den Inhalt nach \u00a75 TMG:<\/h3>\n\n\n\n<p>Winyan &#8211; Sitz<br>Nicole Ebrecht-Fu\u00df<br>Heerstr. 26<br>50169 Kerpen<br>info(at)winyan.de<\/p>\n\n\n\n<p>Tel: 01573\/4406394<br><br>Praxisadresse: &#8222;Raum f\u00fcr heilsame Zeit&#8220;, K\u00f6lner Stra\u00dfe 1, 54579 Leudersdorf (\u00dcxheim)<\/p>\n\n\n\n<p><a href=\"https:\/\/winyan.de\/index.php\/impressum-datenschutz\/\" target=\"_blank\" rel=\"noreferrer noopener\">http:\/\/www.winyan.de\/_\/index.php?id=impressum<\/a><\/p>\n\n\n\n<p><strong>Datenschutzerkl\u00e4rung<\/strong><\/p>\n\n\n\n<p><strong>1. Information \u00fcber die Erhebung personenbezogener Daten und Kontaktdaten des f\u00fcr die Verarbeitung Verantwortlichen<\/strong><\/p>\n\n\n\n<p>Im Folgenden informiere ich \u00fcber die Erhebung personenbezogener Daten bei Nutzung meiner Website. Personenbezogene Daten sind alle Daten, die auf Sie pers\u00f6nlich beziehbar sind, z. B. Name, Adresse, E-Mail-Adressen, Nutzerverhalten.<\/p>\n\n\n\n<p>Verantwortliche gem. Art.&nbsp;4 Abs.&nbsp;7 EU-Datenschutz-Grundverordnung (DS-GVO) ist Winyan Nicole Ebrecht-Fu\u00df, Heerstr. 26, 50169 Kerpen,&nbsp;<a href=\"https:\/\/web.archive.org\/web\/20220524015751\/http:\/\/info(at)winyan.de\/\" target=\"_blank\" rel=\"noreferrer noopener\">info(at)winyan.de<\/a>, Tel: 01573\/4406394 (siehe mein Impressum).<\/p>\n\n\n\n<p><strong>2. Erhebung und Speicherung personenbezogener Daten sowie Art und Zweck von deren Verwendung<\/strong><\/p>\n\n\n\n<p>Beim Aufrufen meiner Website www.winyan.de werden durch den auf Ihrem Endger\u00e4t zum Einsatz kommenden Browser automatisch und standartm\u00e4\u00dfig Informationen an den Server meiner Website gesendet. Diese Informationen werden tempor\u00e4r in einem sog. Logfile gespeichert. Folgende Informationen werden dabei ohne Ihr Zutun erfasst und bis zur automatisierten<\/p>\n\n\n\n<p>Dies bedeutet, dass bei jedem Abruf oder Versuch eines Abrufes einer<\/p>\n\n\n\n<p>Datei auf diesem Server standardm\u00e4\u00dfig zum Zweck der Systemsicherheit und zu statistischen Zwecken folgende Daten \u00fcber diesen Vorgang in einer Protokolldatei (Server-Logfile) gespeichert werden:<\/p>\n\n\n\n<ul class=\"wp-block-list\">\n<li>vollst\u00e4ndige IP-Adresse<\/li>\n\n\n\n<li>Zeitpunkt und Methode des Aufrufs<\/li>\n\n\n\n<li>Name und URL der abgerufenen Datei<\/li>\n\n\n\n<li>Version des verwendeten HTTP-Protokolls<\/li>\n\n\n\n<li>Ergebniswert des Aufrufs<\/li>\n\n\n\n<li>Gr\u00f6\u00dfe des Aufrufs in KByte<\/li>\n\n\n\n<li>Website, von der aus der Zugriff erfolgt (Referrer-URL)<\/li>\n\n\n\n<li>Informationen zum verwendeten Browser und Betriebssystem<\/li>\n\n\n\n<li>Gegenstand und Dauer der Verarbeitung (30 Tage)&nbsp;<\/li>\n<\/ul>\n\n\n\n<p>Alle diese Daten sind ohne direkten Personenbezug. Personenbezogene Daten wie Ihr Name, Ihre Anschrift, Telefonnummer oder E-Mail-Adresse werden nicht erfasst.&nbsp;&nbsp;Dieses Angebot benutzt darauf aufbauend das Tool &#8222;Webalizer und Awstats&#8220;, eine Web-Analysesoftware zur statistischen Auswertung der Zugriffe von Nutzern auf das Angebot. &#8222;Webalizer und Awstats&#8220; erstellt auf Basis der Daten der Server-Logfiles \u00dcbersichten beispielsweise zur Anzahl der Hits, File\/Page Requests, Visits usw.<\/p>\n\n\n\n<p>Eine Zusammenf\u00fchrung dieser Auswertungen mit anderen Datenquellen, insbesondere mit personenbezogenen Daten, wird nicht vorgenommen. Die erzeugten Informationen werden bei dem Provider&nbsp;<a href=\"https:\/\/alma-isp.de\/\" target=\"_blank\" rel=\"noreferrer noopener\">Alma-ISP<\/a>&nbsp;in Deutschland gespeichert. Eine Weitergabe an Dritte findet nicht statt.<\/p>\n\n\n\n<p>Die genannten Daten werden durch mich zu folgenden Zwecken verarbeitet:<\/p>\n\n\n\n<ul class=\"wp-block-list\">\n<li>Gew\u00e4hrleistung eines reibungslosen Verbindungsaufbaus der Website,<\/li>\n\n\n\n<li>Gew\u00e4hrleistung einer komfortablen Nutzung unserer Website,<\/li>\n\n\n\n<li>Auswertung der Systemsicherheit und -stabilit\u00e4t sowie<\/li>\n\n\n\n<li>zu weiteren administrativen Zwecken.<\/li>\n<\/ul>\n\n\n\n<p>Die Rechtsgrundlage f\u00fcr die Datenverarbeitung ist Art.&nbsp;6 Abs.&nbsp;1 S.&nbsp;1 lit.&nbsp;f DSGVO.<\/p>\n\n\n\n<p><strong>3. \u00dcbrige Datenerfassung<\/strong><\/p>\n\n\n\n<p>Weitergehende personenbezogene Daten werden von mir ausschlie\u00dflich dann erfasst, wenn Sie diese Angaben freiwillig, etwa im Rahmen einer Anfrage machen. Soweit Sie mir personenbezogene Daten zur Verf\u00fcgung stellen, verwende ich diese nur zur Beantwortung Ihrer Anfrage und\/oder innerhalb der Beratung die wir miteinander vereinbart haben.<\/p>\n\n\n\n<p><strong>4. Hinweise zur E-Mail-Kommunikation<\/strong><\/p>\n\n\n\n<p>Ich bin selbstverst\u00e4ndlich bem\u00fcht, Ihre personenbezogenen Daten durch Ergreifung aller technischen und organisatorischen M\u00f6glichkeiten so zu speichern, dass sie f\u00fcr Dritte nicht zug\u00e4nglich sind. Bei der Kommunikation per E-Mail kann die vollst\u00e4ndige Datensicherheit jedoch nicht gew\u00e4hrleistet werden, so dass ich Ihnen f\u00fcr die \u00dcbermittlung von vertraulichen Informationen den Postweg empfehle.&nbsp;<\/p>\n\n\n\n<p><strong>5. Weitergabe von Daten<\/strong><\/p>\n\n\n\n<p>Ich gebe Ihre pers\u00f6nlichen Daten nur an Dritte weiter, wenn:<\/p>\n\n\n\n<ul class=\"wp-block-list\">\n<li>Sie Ihre nach Art.&nbsp;6 Abs.&nbsp;1 S.&nbsp;1 lit.&nbsp;a DS-GVO ausdr\u00fcckliche Einwilligung dazu erteilt haben,<\/li>\n\n\n\n<li>f\u00fcr den Fall, dass f\u00fcr die Weitergabe nach Art.&nbsp;6 Abs.&nbsp;1 S.&nbsp;1 lit.&nbsp;c DS-GVO eine gesetzliche Verpflichtung besteht und<\/li>\n\n\n\n<li>Sie mir eine Schweigepflichtentbindung (\u00a7 203 StGB) erteilt haben.<\/li>\n<\/ul>\n\n\n\n<p><strong>6. Betroffenenrechte<\/strong><\/p>\n\n\n\n<p>Sie haben das Recht:<\/p>\n\n\n\n<ul class=\"wp-block-list\">\n<li>gem\u00e4\u00df Art.&nbsp;15 DSGVO Auskunft \u00fcber Ihre von mir verarbeiteten personenbezogenen Daten zu verlangen. Insbesondere k\u00f6nnen Sie Auskunft \u00fcber die Verarbeitungszwecke, die Kategorie der personenbezogenen Daten, die Kategorien von Empf\u00e4ngern, gegen\u00fcber denen Ihre Daten offengelegt wurden oder werden, die geplante Speicherdauer, das Bestehen eines Rechts auf Berichtigung, L\u00f6schung, Einschr\u00e4nkung der Verarbeitung oder Widerspruch, das Bestehen eines Beschwerderechts, die Herkunft ihrer Daten, sofern diese nicht bei mir erhoben wurden, sowie \u00fcber das Bestehen einer automatisierten Entscheidungsfindung einschlie\u00dflich Profiling und ggf. aussagekr\u00e4ftigen Informationen zu deren Einzelheiten verlangen;<\/li>\n\n\n\n<li>gem\u00e4\u00df Art.&nbsp;16 DSGVO unverz\u00fcglich die Berichtigung unrichtiger oder Vervollst\u00e4ndigung Ihrer bei mir gespeicherten personenbezogenen Daten zu verlangen;<\/li>\n\n\n\n<li>gem\u00e4\u00df Art.&nbsp;17 DSGVO die L\u00f6schung Ihrer bei mir gespeicherten personenbezogenen Daten zu verlangen, soweit nicht die Verarbeitung zur Aus\u00fcbung des Rechts auf freie Meinungs\u00e4u\u00dferung und Information, zur Erf\u00fcllung einer rechtlichen Verpflichtung, aus Gr\u00fcnden des \u00f6ffentlichen Interesses oder zur Geltendmachung, Aus\u00fcbung oder Verteidigung von Rechtsanspr\u00fcchen erforderlich ist;<\/li>\n\n\n\n<li>gem\u00e4\u00df Art.&nbsp;18 DSGVO die Einschr\u00e4nkung der Verarbeitung Ihrer personenbezogenen Daten zu verlangen, soweit die Richtigkeit der Daten von Ihnen bestritten wird, die Verarbeitung unrechtm\u00e4\u00dfig ist, Sie aber deren L\u00f6schung ablehnen und ich die Daten nicht mehr ben\u00f6tigen, Sie jedoch diese zur Geltendmachung, Aus\u00fcbung oder Verteidigung von Rechtsanspr\u00fcchen ben\u00f6tigen oder Sie gem\u00e4\u00df Art.&nbsp;21 DSGVO Widerspruch gegen die Verarbeitung eingelegt haben;<\/li>\n\n\n\n<li>gem\u00e4\u00df Art.&nbsp;20 DSGVO Ihre personenbezogenen Daten, die Sie mir bereitgestellt haben, in einem strukturierten, g\u00e4ngigen und maschinenlesebaren Format zu erhalten oder die \u00dcbermittlung an einen anderen Verantwortlichen zu verlangen;<\/li>\n\n\n\n<li>gem\u00e4\u00df Art.&nbsp;7 Abs.&nbsp;3 DSGVO Ihre einmal erteilte Einwilligung jederzeit gegen\u00fcber mir zu widerrufen. Dies hat zur Folge, dass ich die Datenverarbeitung, die auf dieser Einwilligung beruhte, f\u00fcr die Zukunft nicht mehr fortf\u00fchren darf und<\/li>\n\n\n\n<li>gem\u00e4\u00df Art.&nbsp;77 DSGVO sich bei einer Aufsichtsbeh\u00f6rde zu beschweren. In der Regel k\u00f6nnen Sie sich hierf\u00fcr an die Aufsichtsbeh\u00f6rde Ihres \u00fcblichen Aufenthaltsortes oder Arbeitsplatzes wenden.<\/li>\n<\/ul>\n\n\n\n<p><strong>7. Widerspruchsrecht<\/strong><\/p>\n\n\n\n<p>Sofern Ihre personenbezogenen Daten auf Grundlage von berechtigten Interessen gem\u00e4\u00df Art.&nbsp;6 Abs.&nbsp;1 S.&nbsp;1 lit.&nbsp;f DSGVO verarbeitet werden, haben Sie das Recht, gem\u00e4\u00df Art.&nbsp;21 DSGVO Widerspruch gegen die Verarbeitung Ihrer personenbezogenen Daten einzulegen, soweit daf\u00fcr Gr\u00fcnde vorliegen, die sich aus Ihrer besonderen Situation ergeben oder sich der Widerspruch gegen Direktwerbung\/Einladungen richtet. Im letzteren Fall haben Sie ein generelles Widerspruchsrecht, das ohne Angabe einer besonderen Situation von mir umgesetzt wird.<\/p>\n\n\n\n<p>M\u00f6chten Sie von Ihrem Widerrufs- oder Widerspruchsrecht Gebrauch machen, gen\u00fcgt eine E-Mail an:&nbsp;<a href=\"https:\/\/web.archive.org\/web\/20220524015751\/http:\/\/info(at)winyan.de\/\" target=\"_blank\" rel=\"noreferrer noopener\">info(at)winyan.de<\/a><\/p>\n\n\n\n<p>Stand: 01\/2024<\/p>\n","protected":false},"excerpt":{"rendered":"<p>Impressum Verantwortlich f\u00fcr den Inhalt nach \u00a75 TMG: Winyan &#8211; SitzNicole Ebrecht-Fu\u00dfHeerstr. 2650169 Kerpeninfo(at)winyan.de Tel: 01573\/4406394 Praxisadresse: &#8222;Raum f\u00fcr heilsame Zeit&#8220;, K\u00f6lner Stra\u00dfe 1, 54579 Leudersdorf (\u00dcxheim) http:\/\/www.winyan.de\/_\/index.php?id=impressum Datenschutzerkl\u00e4rung 1. Information \u00fcber die Erhebung personenbezogener Daten und Kontaktdaten des f\u00fcr die Verarbeitung Verantwortlichen Im Folgenden informiere ich \u00fcber die Erhebung personenbezogener Daten bei Nutzung meiner [&hellip;]<\/p>\n","protected":false},"author":1,"featured_media":0,"parent":0,"menu_order":0,"comment_status":"closed","ping_status":"closed","template":"","meta":{"footnotes":""},"categories":[],"tags":[],"class_list":["post-39","page","type-page","status-publish","hentry","blog-style1"],"_links":{"self":[{"href":"https:\/\/winyan.de\/index.php\/wp-json\/wp\/v2\/pages\/39","targetHints":{"allow":["GET"]}}],"collection":[{"href":"https:\/\/winyan.de\/index.php\/wp-json\/wp\/v2\/pages"}],"about":[{"href":"https:\/\/winyan.de\/index.php\/wp-json\/wp\/v2\/types\/page"}],"author":[{"embeddable":true,"href":"https:\/\/winyan.de\/index.php\/wp-json\/wp\/v2\/users\/1"}],"replies":[{"embeddable":true,"href":"https:\/\/winyan.de\/index.php\/wp-json\/wp\/v2\/comments?post=39"}],"version-history":[{"count":4,"href":"https:\/\/winyan.de\/index.php\/wp-json\/wp\/v2\/pages\/39\/revisions"}],"predecessor-version":[{"id":804,"href":"https:\/\/winyan.de\/index.php\/wp-json\/wp\/v2\/pages\/39\/revisions\/804"}],"wp:attachment":[{"href":"https:\/\/winyan.de\/index.php\/wp-json\/wp\/v2\/media?parent=39"}],"wp:term":[{"taxonomy":"category","embeddable":true,"href":"https:\/\/winyan.de\/index.php\/wp-json\/wp\/v2\/categories?post=39"},{"taxonomy":"post_tag","embeddable":true,"href":"https:\/\/winyan.de\/index.php\/wp-json\/wp\/v2\/tags?post=39"}],"curies":[{"name":"wp","href":"https:\/\/api.w.org\/{rel}","templated":true}]}}

<h2 class="wp-block-heading">Impressum</h2>



<h3 class="wp-block-heading">Verantwortlich für den Inhalt nach §5 TMG:</h3>



<p>Winyan &#8211; Sitz<br>Nicole Ebrecht-Fuß<br>Heerstr. 26<br>50169 Kerpen<br>info(at)winyan.de</p>



<p>Tel: 01573/4406394<br><br>Praxisadresse: &#8222;Raum für heilsame Zeit&#8220;, Kölner Straße 1, 54579 Leudersdorf (Üxheim)</p>



<p><a href="https://winyan.de/index.php/impressum-datenschutz/" target="_blank" rel="noreferrer noopener">http://www.winyan.de/_/index.php?id=impressum</a></p>



<p><strong>Datenschutzerklärung</strong></p>



<p><strong>1. Information über die Erhebung personenbezogener Daten und Kontaktdaten des für die Verarbeitung Verantwortlichen</strong></p>



<p>Im Folgenden informiere ich über die Erhebung personenbezogener Daten bei Nutzung meiner Website. Personenbezogene Daten sind alle Daten, die auf Sie persönlich beziehbar sind, z. B. Name, Adresse, E-Mail-Adressen, Nutzerverhalten.</p>



<p>Verantwortliche gem. Art.&nbsp;4 Abs.&nbsp;7 EU-Datenschutz-Grundverordnung (DS-GVO) ist Winyan Nicole Ebrecht-Fuß, Heerstr. 26, 50169 Kerpen,&nbsp;<a href="https://web.archive.org/web/20220524015751/http://info(at)winyan.de/" target="_blank" rel="noreferrer noopener">info(at)winyan.de</a>, Tel: 01573/4406394 (siehe mein Impressum).</p>



<p><strong>2. Erhebung und Speicherung personenbezogener Daten sowie Art und Zweck von deren Verwendung</strong></p>



<p>Beim Aufrufen meiner Website www.winyan.de werden durch den auf Ihrem Endgerät zum Einsatz kommenden Browser automatisch und standartmäßig Informationen an den Server meiner Website gesendet. Diese Informationen werden temporär in einem sog. Logfile gespeichert. Folgende Informationen werden dabei ohne Ihr Zutun erfasst und bis zur automatisierten</p>



<p>Dies bedeutet, dass bei jedem Abruf oder Versuch eines Abrufes einer</p>



<p>Datei auf diesem Server standardmäßig zum Zweck der Systemsicherheit und zu statistischen Zwecken folgende Daten über diesen Vorgang in einer Protokolldatei (Server-Logfile) gespeichert werden:</p>



<ul class="wp-block-list">
<li>vollständige IP-Adresse</li>



<li>Zeitpunkt und Methode des Aufrufs</li>



<li>Name und URL der abgerufenen Datei</li>



<li>Version des verwendeten HTTP-Protokolls</li>



<li>Ergebniswert des Aufrufs</li>



<li>Größe des Aufrufs in KByte</li>



<li>Website, von der aus der Zugriff erfolgt (Referrer-URL)</li>



<li>Informationen zum verwendeten Browser und Betriebssystem</li>



<li>Gegenstand und Dauer der Verarbeitung (30 Tage)&nbsp;</li>
</ul>



<p>Alle diese Daten sind ohne direkten Personenbezug. Personenbezogene Daten wie Ihr Name, Ihre Anschrift, Telefonnummer oder E-Mail-Adresse werden nicht erfasst.&nbsp;&nbsp;Dieses Angebot benutzt darauf aufbauend das Tool &#8222;Webalizer und Awstats&#8220;, eine Web-Analysesoftware zur statistischen Auswertung der Zugriffe von Nutzern auf das Angebot. &#8222;Webalizer und Awstats&#8220; erstellt auf Basis der Daten der Server-Logfiles Übersichten beispielsweise zur Anzahl der Hits, File/Page Requests, Visits usw.</p>



<p>Eine Zusammenführung dieser Auswertungen mit anderen Datenquellen, insbesondere mit personenbezogenen Daten, wird nicht vorgenommen. Die erzeugten Informationen werden bei dem Provider&nbsp;<a href="https://alma-isp.de/" target="_blank" rel="noreferrer noopener">Alma-ISP</a>&nbsp;in Deutschland gespeichert. Eine Weitergabe an Dritte findet nicht statt.</p>



<p>Die genannten Daten werden durch mich zu folgenden Zwecken verarbeitet:</p>



<ul class="wp-block-list">
<li>Gewährleistung eines reibungslosen Verbindungsaufbaus der Website,</li>



<li>Gewährleistung einer komfortablen Nutzung unserer Website,</li>



<li>Auswertung der Systemsicherheit und -stabilität sowie</li>



<li>zu weiteren administrativen Zwecken.</li>
</ul>



<p>Die Rechtsgrundlage für die Datenverarbeitung ist Art.&nbsp;6 Abs.&nbsp;1 S.&nbsp;1 lit.&nbsp;f DSGVO.</p>



<p><strong>3. Übrige Datenerfassung</strong></p>



<p>Weitergehende personenbezogene Daten werden von mir ausschließlich dann erfasst, wenn Sie diese Angaben freiwillig, etwa im Rahmen einer Anfrage machen. Soweit Sie mir personenbezogene Daten zur Verfügung stellen, verwende ich diese nur zur Beantwortung Ihrer Anfrage und/oder innerhalb der Beratung die wir miteinander vereinbart haben.</p>



<p><strong>4. Hinweise zur E-Mail-Kommunikation</strong></p>



<p>Ich bin selbstverständlich bemüht, Ihre personenbezogenen Daten durch Ergreifung aller technischen und organisatorischen Möglichkeiten so zu speichern, dass sie für Dritte nicht zugänglich sind. Bei der Kommunikation per E-Mail kann die vollständige Datensicherheit jedoch nicht gewährleistet werden, so dass ich Ihnen für die Übermittlung von vertraulichen Informationen den Postweg empfehle.&nbsp;</p>



<p><strong>5. Weitergabe von Daten</strong></p>



<p>Ich gebe Ihre persönlichen Daten nur an Dritte weiter, wenn:</p>



<ul class="wp-block-list">
<li>Sie Ihre nach Art.&nbsp;6 Abs.&nbsp;1 S.&nbsp;1 lit.&nbsp;a DS-GVO ausdrückliche Einwilligung dazu erteilt haben,</li>



<li>für den Fall, dass für die Weitergabe nach Art.&nbsp;6 Abs.&nbsp;1 S.&nbsp;1 lit.&nbsp;c DS-GVO eine gesetzliche Verpflichtung besteht und</li>



<li>Sie mir eine Schweigepflichtentbindung (§ 203 StGB) erteilt haben.</li>
</ul>



<p><strong>6. Betroffenenrechte</strong></p>



<p>Sie haben das Recht:</p>



<ul class="wp-block-list">
<li>gemäß Art.&nbsp;15 DSGVO Auskunft über Ihre von mir verarbeiteten personenbezogenen Daten zu verlangen. Insbesondere können Sie Auskunft über die Verarbeitungszwecke, die Kategorie der personenbezogenen Daten, die Kategorien von Empfängern, gegenüber denen Ihre Daten offengelegt wurden oder werden, die geplante Speicherdauer, das Bestehen eines Rechts auf Berichtigung, Löschung, Einschränkung der Verarbeitung oder Widerspruch, das Bestehen eines Beschwerderechts, die Herkunft ihrer Daten, sofern diese nicht bei mir erhoben wurden, sowie über das Bestehen einer automatisierten Entscheidungsfindung einschließlich Profiling und ggf. aussagekräftigen Informationen zu deren Einzelheiten verlangen;</li>



<li>gemäß Art.&nbsp;16 DSGVO unverzüglich die Berichtigung unrichtiger oder Vervollständigung Ihrer bei mir gespeicherten personenbezogenen Daten zu verlangen;</li>



<li>gemäß Art.&nbsp;17 DSGVO die Löschung Ihrer bei mir gespeicherten personenbezogenen Daten zu verlangen, soweit nicht die Verarbeitung zur Ausübung des Rechts auf freie Meinungsäußerung und Information, zur Erfüllung einer rechtlichen Verpflichtung, aus Gründen des öffentlichen Interesses oder zur Geltendmachung, Ausübung oder Verteidigung von Rechtsansprüchen erforderlich ist;</li>



<li>gemäß Art.&nbsp;18 DSGVO die Einschränkung der Verarbeitung Ihrer personenbezogenen Daten zu verlangen, soweit die Richtigkeit der Daten von Ihnen bestritten wird, die Verarbeitung unrechtmäßig ist, Sie aber deren Löschung ablehnen und ich die Daten nicht mehr benötigen, Sie jedoch diese zur Geltendmachung, Ausübung oder Verteidigung von Rechtsansprüchen benötigen oder Sie gemäß Art.&nbsp;21 DSGVO Widerspruch gegen die Verarbeitung eingelegt haben;</li>



<li>gemäß Art.&nbsp;20 DSGVO Ihre personenbezogenen Daten, die Sie mir bereitgestellt haben, in einem strukturierten, gängigen und maschinenlesebaren Format zu erhalten oder die Übermittlung an einen anderen Verantwortlichen zu verlangen;</li>



<li>gemäß Art.&nbsp;7 Abs.&nbsp;3 DSGVO Ihre einmal erteilte Einwilligung jederzeit gegenüber mir zu widerrufen. Dies hat zur Folge, dass ich die Datenverarbeitung, die auf dieser Einwilligung beruhte, für die Zukunft nicht mehr fortführen darf und</li>



<li>gemäß Art.&nbsp;77 DSGVO sich bei einer Aufsichtsbehörde zu beschweren. In der Regel können Sie sich hierfür an die Aufsichtsbehörde Ihres üblichen Aufenthaltsortes oder Arbeitsplatzes wenden.</li>
</ul>



<p><strong>7. Widerspruchsrecht</strong></p>



<p>Sofern Ihre personenbezogenen Daten auf Grundlage von berechtigten Interessen gemäß Art.&nbsp;6 Abs.&nbsp;1 S.&nbsp;1 lit.&nbsp;f DSGVO verarbeitet werden, haben Sie das Recht, gemäß Art.&nbsp;21 DSGVO Widerspruch gegen die Verarbeitung Ihrer personenbezogenen Daten einzulegen, soweit dafür Gründe vorliegen, die sich aus Ihrer besonderen Situation ergeben oder sich der Widerspruch gegen Direktwerbung/Einladungen richtet. Im letzteren Fall haben Sie ein generelles Widerspruchsrecht, das ohne Angabe einer besonderen Situation von mir umgesetzt wird.</p>



<p>Möchten Sie von Ihrem Widerrufs- oder Widerspruchsrecht Gebrauch machen, genügt eine E-Mail an:&nbsp;<a href="https://web.archive.org/web/20220524015751/http://info(at)winyan.de/" target="_blank" rel="noreferrer noopener">info(at)winyan.de</a></p>



<p>Stand: 01/2024</p>

<p>Impressum Verantwortlich für den Inhalt nach §5 TMG: Winyan &#8211; SitzNicole Ebrecht-FußHeerstr. 2650169 Kerpeninfo(at)winyan.de Tel: 01573/4406394 Praxisadresse: &#8222;Raum für heilsame Zeit&#8220;, Kölner Straße 1, 54579 Leudersdorf (Üxheim) http://www.winyan.de/_/index.php?id=impressum Datenschutzerklärung 1. Information über die Erhebung personenbezogener Daten und Kontaktdaten des für die Verarbeitung Verantwortlichen Im Folgenden informiere ich über die Erhebung personenbezogener Daten bei Nutzung meiner [&hellip;]</p>
