{"id":151,"date":"2023-09-19T06:15:32","date_gmt":"2023-09-19T06:15:32","guid":{"rendered":"https:\/\/demo.winyan.de\/?page_id=151"},"modified":"2025-02-06T13:15:10","modified_gmt":"2025-02-06T13:15:10","slug":"ueber-mich","status":"publish","type":"page","link":"https:\/\/winyan.de\/index.php\/ueber-mich\/","title":{"rendered":"\u00dcber mich"},"content":{"rendered":"\n\t\t<!-- MasterSlider -->\n\t\t<div id=\"P_MS69e613be0b885\" class=\"master-slider-parent msl ms-parent-id-5\" style=\"max-width:2000px;\">\n\n\t\t\t\n\t\t\t<!-- MasterSlider Main -->\n\t\t\t<div id=\"MS69e613be0b885\" class=\"master-slider ms-skin-default\" >\n\t\t\t\t \t\t\t\t \n\t\t\t\t<div  class=\"ms-slide\" data-delay=\"3\" data-fill-mode=\"fill\"  >\n\t\t\t\t\t<img decoding=\"async\" src=\"https:\/\/winyan.de\/wp-content\/plugins\/master-slider\/public\/assets\/css\/blank.gif\" alt=\"\" title=\"\" data-src=\"https:\/\/winyan.de\/wp-content\/uploads\/2023\/11\/ueber_mich_700-2000x600.png\" \/>\n\n\n\t<div class=\"ms-thumb\" ><div class=\"ms-tab-context\"><div class=\"&quot;ms-tab-context&quot;\"><\/div><\/div>\n<\/div>\n\t\t\t\t<\/div>\n\n\t\t\t<\/div>\n\t\t\t<!-- END MasterSlider Main -->\n\n\t\t\t \n\t\t<\/div>\n\t\t<!-- END MasterSlider -->\n\n\t\t<script>\n\t\t(function ( $ ) {\n\t\t\t\"use strict\";\n\n\t\t\t$(function () {\n\t\t\t\tvar masterslider_b885 = new MasterSlider();\n\n\t\t\t\t\/\/ slider controls\n\n\t\t\t\t\/\/ slider setup\n\t\t\t\tmasterslider_b885.setup(\"MS69e613be0b885\", {\n\t\t\t\t\t\twidth           : 2000,\n\t\t\t\t\t\theight          : 600,\n\t\t\t\t\t\tminHeight       : 0,\n\t\t\t\t\t\tspace           : 0,\n\t\t\t\t\t\tstart           : 1,\n\t\t\t\t\t\tgrabCursor      : true,\n\t\t\t\t\t\tswipe           : true,\n\t\t\t\t\t\tmouse           : true,\n\t\t\t\t\t\tlayout          : \"boxed\",\n\t\t\t\t\t\twheel           : false,\n\t\t\t\t\t\tautoplay        : true,\n\t\t\t\t\t\tinstantStartLayers:false,\n\t\t\t\t\t\tloop            : true,\n\t\t\t\t\t\tshuffle         : false,\n\t\t\t\t\t\tpreload         : 0,\n\t\t\t\t\t\theightLimit     : true,\n\t\t\t\t\t\tautoHeight      : false,\n\t\t\t\t\t\tsmoothHeight    : true,\n\t\t\t\t\t\tendPause        : false,\n\t\t\t\t\t\toverPause       : true,\n\t\t\t\t\t\tfillMode        : \"fill\",\n\t\t\t\t\t\tcenterControls  : true,\n\t\t\t\t\t\tstartOnAppear   : false,\n\t\t\t\t\t\tlayersMode      : \"center\",\n\t\t\t\t\t\thideLayers      : false,\n\t\t\t\t\t\tfullscreenMargin: 0,\n\t\t\t\t\t\tspeed           : 4,\n\t\t\t\t\t\tdir             : \"h\",\n\t\t\t\t\t\tparallaxMode    : 'swipe',\n\t\t\t\t\t\tview            : \"basic\"\n\t\t\t\t});\n\n\t\t\t\t\n\t\t\t\twindow.masterslider_instances = window.masterslider_instances || [];\n\t\t\t\twindow.masterslider_instances.push( masterslider_b885 );\n\t\t\t });\n\n\t\t})(jQuery);\n\t\t<\/script>\n\n\n\n\n\n<p><\/p>\n\n\n\n<h4 class=\"wp-block-heading has-text-align-center\">Wir k\u00f6nnen den Wind nicht \u00e4ndern,&nbsp;aber wir k\u00f6nnen die Segel (richtig) setzen.<\/h4>\n\n\n\n<h6 class=\"wp-block-heading has-text-align-center\">Aristoteles<\/h6>\n\n\n\n<h4 class=\"wp-block-heading has-text-align-center\"><\/h4>\n\n\n\n<h4 class=\"wp-block-heading has-text-align-center\">Heilung wohnt jedem von und inne. Wir alle tragen einen Heilen Kern in uns. <\/h4>\n\n\n\n<h6 class=\"wp-block-heading has-text-align-center\">Nicole Ebrecht-Fu\u00df<\/h6>\n\n\n\n<p><\/p>\n\n\n\n<p>Nicole Ebrecht-Fu\u00df M.A. (geb. 1974)<\/p>\n\n\n\n<p>Ganzheitliche Begleitung bei Krisen rund um Geburt, naturverbundene Wegbegleiterin, Beraterin, Sexualp\u00e4dagogin + Familienbegleiterin (MA), Geburtsh\u00fcterin, P\u00e4dagogin (1. Staatsexamen), freie Doula GeburtsSchwester, GeburtsTrauma-Begleiterin,  Mutter von 4* Kindern, Menschen-, Tier- &amp; Lebenslieberin<\/p>\n\n\n\n<p>Meine Arbeit kommt von Herzen. Verbunden mit meinen wissenschaftlichen Hochschulausbildungen (Master und Examen) mit der pers\u00f6nlichen Erfahrung von 3 Geburten (Klinik, Geburtshaus, Hausgeburt) &amp; dem Mama-Sein, plus Erfahrungen mit Gruppenarbeit, Projekten, Lehrt\u00e4tigkeit, meiner eigenen Biografie, Selbsterfahrung und k\u00f6rperorientierter Therapie begleite ich seit 2011 Frauen (und Familien) ganzheitlich und individuell auf ihrem (Heilungs-) Weg und erinnere sie an ihre Ur- und Selbstheilungs-Kr\u00e4fte. Ich verbinde medizinisch-wissenschaftliche Erkenntnisse mit urspr\u00fcnglichem, intuitivem und traditionellem Wissen und Heilungs-Methoden. Vor der Geburt und nach der Geburt (unabh\u00e4ngig davon, wie lange die Geburt her ist). Als Geburtsh\u00fcterin &amp; <a href=\"http:\/\/www.geburts-schwester.de\">freie Doula GeburtsSchwester<\/a> begleite ich liebevoll, achtsam und mit ganzem Herzen die Schwangerschaft, die Geburtsreise der Frau, der Familie und das Wochenbett. In Einzelbegleitungen und Kleinstgruppen-Angeboten gebe und halte ich den Raum, um Heilungswege zu gehen. Ich gebe mein (Herz-) Wissen und Erfahrungen auf Fortbildungen weiter und habe eine besondere Verbindung zu den Lebens-\u00dcberg\u00e4ngen. Ehrenamtlich begleite ich seit 2012 die Selbsthilfegruppe K\u00f6ln &#8222;Krise rund um Geburt&#8220; und bin im Beirat in dem wunderbaren Verein <a href=\"http:\/\/www.greenbirth.de\" target=\"_blank\" rel=\"noreferrer noopener\">GREENBIRTH e.V.<\/a><\/p>\n\n\n\n<p>Wenn du zu mir kommst mit deinen Verletzungen, mit deinem Schmerz, empfange ich dich aus meinem Herzen. Ich sehe dich, ich f\u00fchle dich, ich gebe dir Raum einfach da zu sein mit allem was du mitbringt. <\/p>\n\n\n\n<p>Ich nehme Menschen in ihrem Sein, ihrem Gef\u00fchl, in ihrer Situation ernst und best\u00e4rke sie als Expert*innen ihrer selbst. Ber\u00fchrtwerden bringt Lebensenergie wieder ins Flie\u00dfen. Ich bezeuge, was diesem Menschen widerfahren ist, als Zuversichtstr\u00e4gerin, die das Vertrauen ins Leben wieder in sich sp\u00fcren l\u00e4sst.<\/p>\n\n\n\n<p><\/p>\n\n\n\n<ul class=\"wp-block-list\">\n<li>Nicole Ebrecht-Fu\u00df, MA Sexualp\u00e4dagogik und Familienplanung<\/li>\n\n\n\n<li>Geboren 1974 in Kassel<\/li>\n\n\n\n<li>Verheiratet, 3 Erden-Kinder (*1996, *2004, *2006) und ein Sternenkind (2004)<\/li>\n\n\n\n<li>1999 Foto- Einzelausstellung des Projektes &#8222;Bild + Wort&#8220; mit Sven G\u00f6rres in K\u00f6ln<\/li>\n\n\n\n<li>2001, Staatsexamen LA Sonderp\u00e4dagogik<\/li>\n\n\n\n<li>2011 MA (Master of Arts) Sexualp\u00e4dagogik und Familienplanung, FH Merseburg<\/li>\n\n\n\n<li>2011 Gr\u00fcndung *WINYAN* damals mit Praxis in Ehrenfeld, K\u00f6rnerstr. 20 (Kurma-L)<\/li>\n\n\n\n<li>2002-2021 Lehrt\u00e4tigkeit an der F\u00f6rderschule St. Ansgar\/Hennef als Sexualp\u00e4dagogin und Beratungskraft<\/li>\n\n\n\n<li>2008 bis 2022 sexualp\u00e4dagogische Workshops an allen Schulformen<\/li>\n\n\n\n<li>Mitglied in ISPPM e.V. &#8211; Internationale Studiengemeinschaft f\u00fcr pr\u00e4- und perinatale<br>Psychologie und Medzin (<a href=\"https:\/\/web.archive.org\/web\/20230322115310\/http:\/www.isppm.de\/\" target=\"_blank\" rel=\"noreferrer noopener\">www.isppm.de<\/a>)<\/li>\n\n\n\n<li>Mitglied und Beirat bei greenbirth e.v. \u2013 Verein f\u00fcr Eltern und Fachleute: &#8222;Wege zur Geburt \u2013 nat\u00fcrlich und bewusst&#8220; (<a href=\"https:\/\/web.archive.org\/web\/20230322115310\/http:\/www.greenbirth.de\/\" target=\"_blank\" rel=\"noreferrer noopener\">www.greenbirth.de<\/a>)<\/li>\n\n\n\n<li>Mitglied bei Schatten und Licht &#8211; Organisation rund um das Thema &#8222;Krise rund um die Geburt&#8220;(www.schatten-und-licht.de)<\/li>\n\n\n\n<li>Mitinitiatorin + Veranstalterin des K\u00f6lner GeburtsTags (<a href=\"https:\/\/web.archive.org\/web\/20230322115310\/http:\/www.koelner-geburts-tag.de\/\" target=\"_blank\" rel=\"noreferrer noopener\">www.koelner-geburts-tag.de<\/a>)<\/li>\n\n\n\n<li>2016 Praxis-Umzug in die Simrockstr. 30 in <a href=\"https:\/\/winyan.de\/index.php\/koeln\/\">K\u00f6ln<\/a><\/li>\n\n\n\n<li>2021 Beginn meiner Abeit in der <a href=\"https:\/\/winyan.de\/index.php\/eifel\/\">Eifel<\/a><\/li>\n<\/ul>\n\n\n\n<p><br><strong>Fortbildungen\/Tagungen \/Kongresse<\/strong><\/p>\n\n\n\n<ul class=\"wp-block-list\">\n<li>2008: Fortbildung &#8222;Kooperative Beartung nach W. Mutzeck&#8220; bei T. Leidig, K\u00f6ln<\/li>\n\n\n\n<li>2011: Sexualp\u00e4dagogischer Kongress &#8222;Wer bestimmt das eigentlich? M\u00e4dchengesundheit heute &#8211; zwischen Wahlfreiheit und Fremdbestimmung&#8220; vom FFGZ Hagazussa in K\u00f6ln<\/li>\n\n\n\n<li>2011: Kongress der freien Gesundheitsberufe &#8222;Geld, Gesundheit, Gemeinschaft&#8220;, in Kassel<\/li>\n\n\n\n<li>2011: Fachtag des &#8222;Arbeitskreis Frauengesundheit in Medizin, Psychotherapie und Gesellschaft&#8220; (AKF e.V.), in Hannover: &#8222;Es ist h\u00f6chste Zeit, den Umgang mit Schwangerschaft, Geburt und Wochenbett zu \u00fcberdenken&#8220;<\/li>\n\n\n\n<li>2012: &#8222;Geburtszyklus &#8211; Birth Release &#8211; Mein Weg ins Leben&#8220; &#8211; K\u00f6rpertherapeutische Geburtstrauma-Arbeit- bei Renate Abel, in K\u00f6nigswinter<\/li>\n\n\n\n<li>2012: &#8222;Sexocorporel&#8220; &#8211; anwendungsbezogenes Modell f\u00fcr Sexualberatung und Sexualp\u00e4dagogik &#8211; bei Esther Elisabeth Sch\u00fctz, in Merseburg<\/li>\n\n\n\n<li>2013: Internatioanle Jahres-Tagung ISPPM: &#8222;Kaiserschnitt &#8211; Zwischen Traum und Trauma, Wunsch und Wirklichkeit&#8220;, in Stolpen bei Dresden<\/li>\n\n\n\n<li>2014: Therapie-Assistenz bei Renate Abel: &#8222;Geburtszyklus &#8211; Birth Release &#8211; Mein Weg ins Leben&#8220; \u2013 Biodynamische K\u00f6rpertherapie und Geburtstrauma-Therapie mit 135 Stunden (<a href=\"https:\/\/www.renateabel.de\/geburtsarbeit\" target=\"_blank\" rel=\"noreferrer noopener\">https:\/\/www.renateabel.de\/geburtsarbeit<\/a>)<\/li>\n\n\n\n<li>2015\/2016 Weiterbildung und Supervision &#8222;Biodynamik&#8220; (K\u00f6rpertherapie) in Kleingruppe bei Renate Abel<\/li>\n\n\n\n<li>2015: Internationale Jahrestagung der ISPPM &#8222;Ich sp\u00fcre &#8211; also bin ich&#8220; in Berlin (Vorgeburtliches Erleben)<\/li>\n\n\n\n<li>2015: Seminar &#8222;Ein Hauch von Leben &#8211; Trauerbegleitung von&nbsp; Eltern&#8220; beim Stillkongress der AFS<\/li>\n\n\n\n<li>2016: Fortbildung &#8222;K\u00f6rpertherapeutische Interventionen bei Depressionen&#8220; Ilona G\u00f6ttges\/R. Abel<\/li>\n\n\n\n<li>2016: Weiterbilung Reichiansiche K\u00f6rperarbeit &#8211; bei Emily Derr<\/li>\n\n\n\n<li>2016: Fortbilung Trauerarbeit im Zusammenhang mit Schwangerschaft und Geburt &#8211; bei Heike Br\u00fcggemann<\/li>\n\n\n\n<li>2017: Fortbildung &#8222;Trauma &#8211; Anregungen und Implikationen f\u00fcr den Arbeitsalltag im p\u00e4d. Kontext&#8220; bei Sabine Dierschke<\/li>\n\n\n\n<li>2018: Workshop &#8222;Die heilige Weiblichkeit in der Maya-Sonnentradition&#8220; bei der erw\u00fcrdigen Gro\u00dfmutter Nah Kin aus Mexiko (Hohe Sonnenpriesterin der Maya)<\/li>\n\n\n\n<li>2021: Drei Einf\u00fchrungs-Seminare bei Rien Verdult \u201eBabytherapie \u2013 Fr\u00fche Bindungsentwicklung von Babys\u201c<\/li>\n\n\n\n<li>2021: THE FIRST ROOM &#8222;Geburtskultur trifft Architektur&#8220; Frauenmuseum Hittisau Online-Fobi<\/li>\n\n\n\n<li>2021: \u201eIndigenes Frauenwissen\u201c Seminar mit Mama Celia (Geburtsbegleiterin und indigene Heilerin aus Ecuador)<\/li>\n\n\n\n<li>2021: Meine freie Doula-Ausbildung bei Jamina Ehrhardt: 1:1 &#8222;Doulaweiterbildung Mama Hildegard&#8220;<\/li>\n\n\n\n<li>2021: Ausbildung zur Rebozo Ritual Leiterin: Traditionelles Schlie\u00dfungs-Ritual nach der Geburt mit dem Rebozo-Tuch (mit mexik. traditioneller Hebamme Judit Suarz Perez &amp; H\u00fcterin Anne-Sophie Montandraud Sellmaier)<\/li>\n\n\n\n<li>Seit 2-2022 im Online Studienkreis der Geburts-H\u00fcterinnen (Initiatorin) Nina Rinkes<\/li>\n\n\n\n<li>2023 Hausgeburts-Workshop mit Nina Rinkes<\/li>\n\n\n\n<li>2024: 4-Tages Fortbildung Schwanger\u00adschafts\u00ad\u00ad\u00ad\u00ad\u00ad\u00ad\u00admassage &#8211; Ayurvedische und ganzheitliche Massagen f\u00fcr Schwangerschaft, Geburt und Wochenbett mit HP Petra Feldbinder (<a href=\"https:\/\/winyan.de\/pdf\/Fortbildungsnachweis_SS-Massage10-2025.pdf\">Zertifikat<\/a>\/32 Ustd.)<\/li>\n\n\n\n<li>2024: 5-Tages Weiterbildung: Traumaintegration &#8211; Prozessorientierte Empowerment-Arbeit nach Maja Nowak (<a href=\"https:\/\/winyan.de\/pdf\/Traumaintegration_Fobi_Maja_Nowak_12-2024.pdf\">Zertifikat<\/a>)<\/li>\n\n\n\n<li>&#8230;.. (ohne Anspruch auf Vollst\u00e4ndigkeit ;-))<\/li>\n<\/ul>\n\n\n\n<hr class=\"wp-block-separator has-alpha-channel-opacity\"\/>\n\n\n\n<p>Ver\u00f6ffentlichungen von oder mit mir findest du <a href=\"https:\/\/winyan.de\/index.php\/aktuelles\/\" target=\"_blank\" rel=\"noreferrer noopener\">hier<\/a> (ganz unten auf der Seite <a href=\"https:\/\/winyan.de\/index.php\/aktuelles\/\" target=\"_blank\" rel=\"noreferrer noopener\">Aktuelles<\/a>).<br><\/p>\n","protected":false},"excerpt":{"rendered":"<p>Wir k\u00f6nnen den Wind nicht \u00e4ndern,&nbsp;aber wir k\u00f6nnen die Segel (richtig) setzen. Aristoteles Heilung wohnt jedem von und inne. Wir alle tragen einen Heilen Kern in uns. Nicole Ebrecht-Fu\u00df Nicole Ebrecht-Fu\u00df M.A. (geb. 1974) Ganzheitliche Begleitung bei Krisen rund um Geburt, naturverbundene Wegbegleiterin, Beraterin, Sexualp\u00e4dagogin + Familienbegleiterin (MA), Geburtsh\u00fcterin, P\u00e4dagogin (1. Staatsexamen), freie Doula GeburtsSchwester, [&hellip;]<\/p>\n","protected":false},"author":1,"featured_media":0,"parent":0,"menu_order":0,"comment_status":"closed","ping_status":"closed","template":"","meta":{"footnotes":""},"categories":[],"tags":[],"class_list":["post-151","page","type-page","status-publish","hentry","blog-style1"],"_links":{"self":[{"href":"https:\/\/winyan.de\/index.php\/wp-json\/wp\/v2\/pages\/151","targetHints":{"allow":["GET"]}}],"collection":[{"href":"https:\/\/winyan.de\/index.php\/wp-json\/wp\/v2\/pages"}],"about":[{"href":"https:\/\/winyan.de\/index.php\/wp-json\/wp\/v2\/types\/page"}],"author":[{"embeddable":true,"href":"https:\/\/winyan.de\/index.php\/wp-json\/wp\/v2\/users\/1"}],"replies":[{"embeddable":true,"href":"https:\/\/winyan.de\/index.php\/wp-json\/wp\/v2\/comments?post=151"}],"version-history":[{"count":20,"href":"https:\/\/winyan.de\/index.php\/wp-json\/wp\/v2\/pages\/151\/revisions"}],"predecessor-version":[{"id":738,"href":"https:\/\/winyan.de\/index.php\/wp-json\/wp\/v2\/pages\/151\/revisions\/738"}],"wp:attachment":[{"href":"https:\/\/winyan.de\/index.php\/wp-json\/wp\/v2\/media?parent=151"}],"wp:term":[{"taxonomy":"category","embeddable":true,"href":"https:\/\/winyan.de\/index.php\/wp-json\/wp\/v2\/categories?post=151"},{"taxonomy":"post_tag","embeddable":true,"href":"https:\/\/winyan.de\/index.php\/wp-json\/wp\/v2\/tags?post=151"}],"curies":[{"name":"wp","href":"https:\/\/api.w.org\/{rel}","templated":true}]}}